e the prime factors of 48901974?
2, 3, 11, 740939
What are the prime factors of 131042285?
5, 11, 43, 67, 827
What are the prime factors of 109735488?
2, 3, 19, 37, 271
What are the prime factors of 88067066?
2, 2909, 15137
What are the prime factors of 632358814?
2, 59, 5358973
List the prime factors of 166796805.
3, 5, 7, 23, 69067
What are the prime factors of 1262643723?
3, 11, 101, 197, 641
What are the prime factors of 2359977259?
44383, 53173
What are the prime factors of 165991887?
3, 31, 594953
List the prime factors of 1882488037.
38783, 48539
What are the prime factors of 2986234470?
2, 3, 5, 211, 157253
What are the prime factors of 1220519791?
15971, 76421
What are the prime factors of 3355838653?
19, 83, 233, 9133
What are the prime factors of 128660920?
2, 5, 3216523
What are the prime factors of 422134381?
19, 22217599
List the prime factors of 42978127.
37, 41, 691
What are the prime factors of 70783561?
431, 164231
List the prime factors of 11703232.
2, 107, 1709
What are the prime factors of 1412190631?
1412190631
List the prime factors of 6806468904.
2, 3, 283602871
List the prime factors of 35677589.
709, 50321
What are the prime factors of 9697064?
2, 13, 93241
List the prime factors of 261194046.
2, 3, 4721, 9221
What are the prime factors of 288165945?
3, 5, 19211063
What are the prime factors of 16235367?
3, 19, 284831
What are the prime factors of 571722867?
3, 383, 6143
List the prime factors of 762652024.
2, 73, 97, 13463
List the prime factors of 14514269.
7, 11, 233, 809
What are the prime factors of 30653999?
30653999
What are the prime factors of 29999682?
2, 3, 23, 233, 311
What are the prime factors of 623070206?
2, 11, 28321373
What are the prime factors of 1245049739?
1245049739
What are the prime factors of 62985770?
2, 5, 6298577
What are the prime factors of 364070420?
2, 5, 7, 2600503
What are the prime factors of 107197445?
5, 21439489
List the prime factors of 538468942.
2, 11, 47, 520763
What are the prime factors of 33688435?
5, 11, 71, 8627
List the prime factors of 6579267619.
6579267619
List the prime factors of 158466518.
2, 7, 11319037
What are the prime factors of 104917864?
2, 307, 42719
List the prime factors of 459608516.
2, 83, 113, 12251
List the prime factors of 4523453108.
2, 1130863277
What are the prime factors of 34087225?
5, 1363489
What are the prime factors of 114356354?
2, 7, 691, 11821
What are the prime factors of 2053635820?
2, 5, 191, 613, 877
What are the prime factors of 915081724?
2, 19, 1289, 9341
List the prime factors of 11910842.
2, 5955421
What are the prime factors of 228009268?
2, 57002317
What are the prime factors of 4635472518?
2, 3, 17, 251, 60353
What are the prime factors of 1278494454?
2, 3, 1753, 121553
List the prime factors of 2937395948.
2, 31, 59, 331, 1213
List the prime factors of 2485920141.
3, 103, 2681683
What are the prime factors of 20330651?
11, 1848241
What are the prime factors of 75385549?
127, 593587
What are the prime factors of 96191849?
13, 7399373
List the prime factors of 35199611.
101, 149, 2339
What are the prime factors of 118223440?
2, 5, 17, 86929
List the prime factors of 2029497092.
2, 7, 23, 450199
What are the prime factors of 287698802?
2, 143849401
List the prime factors of 21976098.
2, 3, 3662683
List the prime factors of 81444572.
2, 11, 103, 17971
What are the prime factors of 61759633?
13, 19, 61, 4099
What are the prime factors of 591111804?
2, 3, 691, 71287
List the prime factors of 982283623.
982283623
What are the prime factors of 25635315?
3, 5, 101, 16921
List the prime factors of 32439495.
3, 5, 11, 61, 293
What are the prime factors of 1736699305?
5, 11, 31576351
List the prime factors of 64256698.
2, 11, 173, 16883
List the prime factors of 162038761.
162038761
List the prime factors of 318221052.
2, 3, 26518421
What are the prime factors of 1042829046?
2, 3, 7, 2758807
List the prime factors of 351395741.
351395741
List the prime factors of 858599580.
2, 3, 5, 269, 53197
List the prime factors of 124227269.
124227269
What are the prime factors of 4475882250?
2, 3, 5, 7, 19, 14957
What are the prime factors of 466001888?
2, 11, 1323869
List the prime factors of 90356683.
17, 5315099
List the prime factors of 3608083908.
2, 3, 11, 13, 700871
List the prime factors of 238603658.
2, 119301829
What are the prime factors of 3218353654?
2, 1973, 815599
What are the prime factors of 26872577?
71, 311, 1217
List the prime factors of 415722753.
3, 43, 358073
What are the prime factors of 1079584718?
2, 23, 23469233
What are the prime factors of 509322?
2, 3, 11, 7717
List the prime factors of 162253618.
2, 81126809
List the prime factors of 65845466.
2, 32922733
What are the prime factors of 163906392?
2, 3, 13, 613, 857
What are the prime factors of 97481622?
2, 3, 7, 2320991
What are the prime factors of 899043199?
1223, 735113
What are the prime factors of 725194892?
2, 97, 127, 14717
List the prime factors of 13374720.
2, 3, 5, 43
What are the prime factors of 285085072?
2, 191, 93287
List the prime factors of 182821127.
73, 2504399
List the prime factors of 798782836.
2, 199695709
What are the prime factors of 305697958?
2, 53, 661, 4363
What are the prime factors of 30404423?
7, 4343489
What are the prime factors of 54756410?
2, 5, 47, 113, 1031
What are the prime factors of 515955804?
2, 3, 7, 13, 97, 4871
List the prime factors of 232283977.
232283977
What are the prime factors of 1474895552?
2, 13, 1772711
List the prime factors of 320897359.
320897359
List the prime factors of 251791952.
2, 19, 853, 971
What are the prime factors of 68640009?
3, 599, 38197
What are the prime factors of 485359457?
11, 29, 67, 22709
What are the prime factors of 1942966854?
2, 3, 149, 724447
List the prime factors of 59235578.
2, 19, 1558831
What are the prime factors of 309706719?
3, 7, 53, 463, 601
What are the prime factors of 95556357?
3, 13, 857, 953
What are the prime factors of 216261691?
157, 647, 2129
List the prime factors of 337370.
2, 5, 11, 3067
What are the prime factors of 5286210838?
2, 521, 5073139
What are the prime factors of 387966114?
2, 3, 3931, 5483
What are the prime factors of 315262769?
1103, 285823
List the prime factors of 157901865.
3, 5, 11, 17, 41, 1373
List the prime factors of 43318760.
2, 5, 1082969
What are the prime factors of 1535697570?
2, 3, 5, 11, 61, 76289
What are the prime factors of 331408391?
10847, 30553
List the prime factors of 15737959.
89, 97, 1823
What are the prime factors of 252469026?
2, 3, 1973, 7109
List the prime factors of 6839704302.
2, 3, 12487, 91291
What are the prime factors of 1336322642?
2, 31, 1877, 11483
List the prime factors of 531922623.
3, 61, 2906681
List the prime factors of 214594975.
5, 7, 1226257
List the prime factors of 536511160.
2, 5, 17, 46411
What are the prime factors of 5951958?
2, 3, 103, 9631
What are the prime factors of 275996358?
2, 3, 11, 1393921
What are the prime factors of 4841065621?
7, 97, 983, 7253
List the prime factors of 1428848989.
1428848989
What are the prime factors of 130567594?
2, 1093, 59729
List the prime factors of 2733472414.
2, 1366736207
List the prime factors of 892115332.
2, 223028833
What are the prime factors of 117615291?
3, 47, 834151
List the prime factors of 388296954.
2, 3, 557, 38729
What are the prime factors of 4311857?
11, 391987
List the prime factors of 22633905.
3, 5, 7, 157, 1373
List the prime factors of 251002312.
2, 11, 19, 23, 61, 107
What are the prime factors of 182451247?
11, 16586477
List the prime factors of 656731550.
2, 5, 13134631
What are the prime factors of 2351103144?
2, 3, 13, 7535587
List the prime factors of 200422347.
3, 31, 2155079
List the prime factors of 388659724.
2, 173, 197, 2851
What are the prime factors of 9845022?
2, 3, 11, 43, 3469
List the prime factors of 979799069.
979799069
List the prime factors of 2255468669.
2255468669
List the prime factors of 3032103708.
2, 3, 23, 857, 4273
What are the prime factors of 860151426?
2, 3, 29, 1283, 3853
What are the prime factors of 5280243?
3, 1760081
What are the prime factors of 83974045?
5, 181, 92789
What are the prime factors of 2443904057?
7, 37, 1347989
List the prime factors of 7880013.
3, 79, 11083
List the prime factors